) = n*j(t) + 4*r(t). Calculate u(-15).
3
Let p be 4/(-18) - 325/(-45). Suppose -p*y - 15 = -12*y. Let n(w) = -y*w - w + 7*w + 7 - w**2 - 7*w. Determine n(-6).
-5
Suppose 87 = 1645*i - 1616*i. Let h(l) be the third derivative of -1/6*l**3 - 1/120*l**6 - 1/8*l**4 + 0*l + 0 + l**2 + 1/20*l**5. Determine h(i).
-10
Suppose 115*z - 4*v = 113*z - 2, 0 = -3*z - 4*v + 27. Let a = -12 - -14. Let k(g) = -14*g - g**2 - 3 + a*g**2 + 12*g. Determine k(z).
12
Let z(d) = 4*d**2 - 8*d + 197. Let h(o) = 2*o**2 - 3*o + 86. Let p(n) = 9*h(n) - 4*z(n). Give p(2).
4
Let d(s) = 3*s + 87. Let u(p) = 21. Let x(c) = -d(c) + 3*u(c). Calculate x(-5).
-9
Let c(x) = 3*x**2 + 41. Let m(u) = 8*u**2 + 6*u + 34. Let s(y) = 9*y**2 + 7*y + 36. Let f(n) = 7*m(n) - 6*s(n). Let g(b) = 6*c(b) - 11*f(b). Determine g(2).
-12
Let c(a) = -2*a - 1. Suppose -5*n = -5*g + 15, -n - 3 = -0*g + 3*g. Suppose k + 29 + 2 = g. Let q = k + 29. What is c(q)?
3
Let q(o) = 4*o**2 - 5*o - 3. Let w be q(-1). Let b(z) = 93*z**2 - w - 2 + 13*z - 5*z - 92*z**2. Determine b(-8).
-8
Let b(r) = r + 1. Let h(s) = s**3 + 3*s**2 - 3*s - 14. Suppose -404 + 416 = -6*d. Let u be h(d). What is b(u)?
-3
Suppose 139 = 39*f - 178*f. Let d(b) = 20*b + 2. What is d(f)?
-18
Let u be (-240)/(-400) - (0 + (-63)/(-5)). Let i(h) be the second derivative of h**5/20 + 11*h**4/12 - 11*h**3/6 + 9*h**2/2 + 7*h. Calculate i(u).
-3
Let h(n) = -1199*n + 17*n**2 + 1200*n - 15*n**2 - 11. What is h(-6)?
55
Let c(d) = 9*d**2 - 2 + 11*d**2 - 37*d**2 + 16*d**2 + 9*d. Suppose -p = -0*p + 8. Let y(w) = -2*w - 7. Let k be y(p). Calculate c(k).
-2
Let v(t) = 84*t + 5 - 112*t - 3 + 85*t + 68*t. What is v(1)?
127
Let u = 13 + -28. Let w = -9 - u. Let a(g) = 9 + 22 - g - 23. What is a(w)?
2
Let d(s) = 6*s - 102. Let i be 3/(-6)*(-1 + -8)*4. Let l be d(i). Let g(x) be the third derivative of x**4/12 - x**3 - 10*x**2. Calculate g(l).
6
Suppose -v = -3*l + 3, 2*l - 53 = -15*v + 10*v. Let h(p) = -p - 5. Calculate h(v).
-14
Let c(w) be the second derivative of w**4/8 - w**3/2 - 41*w**2 - w - 44. Let o(g) be the first derivative of c(g). Determine o(5).
12
Let b(v) = -5*v - 10. Let k be b(-3). Let a(t) = 4 + 7*t + 2*t**2 - k*t**2 + 4*t**2 + 3. Calculate a(-8).
15
Let z = 11 - 10. Let r(p) = 2*p**3 - 106*p**2 + 43*p**2 - 3*p**3 + 60*p**2 - z. Give r(-2).
-5
Let m(x) be the first derivative of x**4/4 - 6*x**3 + 12*x**2 - 7*x - 8096. What is m(17)?
112
Let w(c) = 49 - 357*c**2 - c + 5*c - 51 + 358*c**2. What is w(-2)?
-6
Let m(p) be the first derivative of p**3 - 13*p**2/2 - 4*p + 56. Determine m(5).
6
Suppose 4*p - 7 = v, 4*p + 0*v + 4*v = 12. Let s(d) = 79*d - 40*d - p - 10*d**2 - 42*d. Give s(-2).
-36
Let r(a) = 7*a**2 - 6*a + 4. Let j(y) be the third derivative of -y**5/60 + 12*y**2 + 4*y. Let h(l) = 5*j(l) + r(l). Give h(4).
12
Let x(k) be the first derivative of k**4/4 + 3*k**3 - 17*k**2 + 19*k - 65. Let y be x(-12). Let n(v) = -22 - v**2 + 40 - 25 - 7*v. Give n(y).
3
Suppose 8 = 2*t + 2*t. Let u(c) = -2*c + 6*c + c**t - 4*c. Let m(n) = -n**3 + 5*n**2 + 3*n + 16. Let d be m(6). Determine u(d).
4
Let d(j) = j**3 + 8*j**2 + j + 4. Let n(g) = 2*g**2 - 18. Let y be (-2)/(1/(-1)) + 3. Let o be n(y). Suppose -21*k - o = -17*k. Give d(k).
-4
Let w(a) = 121*a + 1. Let n(h) = -27*h. Let j(b) = 13*n(b) + 3*w(b). Give j(2).
27
Suppose 2*o = 4*l - 30, 0*l = -l - 3*o - 3. Let c(g) = g**3 - 6*g**2 + 3*g - 7. Determine c(l).
11
Let o be (0/((-24)/3 + 7))/(-2). Let r(t) = 4*t - 22. Let p(j) = -j + 10. Let d(n) = 5*p(n) + 2*r(n). What is d(o)?
6
Suppose 3*l + 70 = 76. Suppose 20 = 11*o - l. Let p be ((-6)/(-18))/(o/12). Let k(w) = w**2 + 2*w. What is k(p)?
8
Let l(z) = z - 16. Let n(q) = -20*q + 31. Let j be n(1). Suppose -j*k - 52 = -4*y - 15*k, 4*y = -3*k + 47. Calculate l(y).
-8
Let s(b) = -8*b + 6*b - 1 - 3. Let g(j) = -3*j**2 + 4*j + 4. Let d be g(-2). Let i be -2*164/(-64) + 2/d. Determine s(i).
-14
Let j be (13 + -12)*(-1 + -1). Let p(o) = -4*o + 2. Let s(k) = -k + 7*k - 23 + 10 + 11. Let v(c) = -5*p(c) - 4*s(c). What is v(j)?
6
Let d = -494 - -534. Suppose 41*n + d = 33*n. Let v(f) = -4 - 1 + 2 - f. What is v(n)?
2
Let t(v) = -27 - 15 + 128 - 3*v - 27 - 17. What is t(13)?
3
Let n = -7408 - -7416. Let w(t) = 2*t**2 - 29*t + 103. Give w(n).
-1
Suppose -104*t + 125*t = -126. Let u(f) = -3*f**3 + 15*f**2 - f - 2. Let q(b) = b**3 - 7*b**2 + b + 1. Let v(r) = -5*q(r) - 2*u(r). Calculate v(t).
-19
Let z = 3601 - 3604. Let f(q) = 2*q**2 - 4*q - 1. Determine f(z).
29
Let w(k) be the first derivative of k**3/3 - k**2 - 6*k - 2. Let p = 36249 - 36244. Determine w(p).
9
Let g(f) = 4*f**2 + 21*f**2 + 21*f**2 + 5*f - 2*f - 6 - 49*f**2. What is g(2)?
-12
Let a be 1 + 1 + ((-4)/18 - 96/54). Let n(p) be the third derivative of 1/4*p**4 + 2/15*p**5 + a*p - 21*p**2 + 0 + 1/2*p**3 + 1/120*p**6. Determine n(-7).
10
Let o(v) be the first derivative of 175*v**3/3 + 3*v**2/2 - 4*v + 3005. What is o(1)?
174
Let a(s) = -30 + 0*s**2 + 7465019*s - 7465001*s - s**2. Calculate a(9).
51
Let a(b) = 26 - 4*b**3 - 26*b + 5*b**3 + 1423344*b**2 - 1423366*b**2. Determine a(23).
-43
Let j(i) be the first derivative of i**4/4 + 11*i**3/3 - 7*i**2/2 + 70*i + 3289. What is j(-12)?
10
Let p(j) be the third derivative of 0 - 33*j**2 + 1/3*j**3 + 1/60*j**5 + 0*j - 1/12*j**4. Calculate p(0).
2
Let f(b) = b**2 - 18*b + 66. Suppose 474*a - 380*a = 1128. Determine f(a).
-6
Let r(v) = v**3 + 3*v**2 - 2*v - 4. Let h be r(-3). Let p(i) = h*i**3 - 5 + 8*i**2 - 3*i**3 - 2. Suppose 66 + 390 = 57*g. Calculate p(g).
-7
Let x(p) = -19 - 17*p + 5 - 4*p - 41 - 84. Give x(-6).
-13
Let r(i) be the second derivative of 8/3*i**4 + 0 + 0*i**2 + 0*i**3 + 16*i + 1/120*i**5 + 1/720*i**6. Let n(t) be the third derivative of r(t). Give n(-3).
-2
Let g(z) = -9*z - 46. Let p be g(-17). Let w = 104 - p. Let b(s) = 2*s + 4 - 3*s + s**2 + 2*s. Determine b(w).
10
Let s(u) = -u**2 - 9. Suppose 180 = -116*n + 134*n. Suppose 2*z - n = 3*f, -5*z + 22 = -3. Determine s(f).
-9
Let p(b) = -2*b - 13. Let k be ((-1)/6)/(24/(-720)). Calculate p(k).
-23
Suppose 16*d = -199 + 279. Let u(s) = -s**3 + 6*s**2 - 8*s + 7. Determine u(d).
-8
Suppose 0 = -3*z - z, -5*k = -5*z - 105. Let p(c) = -8*c**2 + 4 - 7*c + k*c**2 - 9*c**2 - 3*c**2. Let x be 1*-18*4/(-12). Calculate p(x).
-2
Let r(z) = z + 7. Let g be (20/(-4))/((-4)/(-48)*-10). Let l be (-28)/g + -1 + (-16)/(-24). Determine r(l).
2
Let q(l) = l + 1. Suppose -3*s + 5*o = 3*o - 23, 3*o = 2*s - 22. Let k(d) = 6*d - s - 9*d + d**2 - 8*d + 0*d. Let j(x) = k(x) + 6*q(x). Give j(4).
-3
Let j(p) be the second derivative of 0 + 7/6*p**3 - 2*p + 0*p**5 + 1/24*p**4 - 3*p**2 + 1/120*p**6. Let f(i) be the first derivative of j(i). Calculate f(0).
7
Let v(t) = -38*t + 272. Let s(j) = -37*j + 249. Let w(x) = -5*s(x) + 6*v(x). Determine w(9).
0
Let c(i) = -27*i**2 + i - 1. Suppose -3*z - 27 + 38 = 2*o, -z = 3*o - 13. Calculate c(z).
-27
Let m be (-5*2/12)/((-56)/336). Let j(n) = -n**3 + 8*n**2 - 9*n + 15. Give j(m).
45
Suppose -5*m + 5 = 0, -3*m = z - 0 + 2. Let v be (-8)/((-1813)/2905 - 3/z). Let j(i) = v*i**2 - 1 - 331*i**2 - 1 - 3*i. What is j(2)?
-4
Let z(c) = 31*c - 29. Let k be z(1). Let o(y) = -9*y**k + 10 - 22*y**3 + 8*y + 23*y**3 - 2*y. Determine o(8).
-6
Let c be (-78)/(-15)*2 - (-2)/(-5). Suppose -g + 3*f = f - 2, 5*f + c = 5*g. Let h(w) = -3*w**2 + 4*w**2 + w - 2 - 1 + 2. Calculate h(g).
5
Let m(r) = -28*r + r**3 + 3 + 73*r - 41*r. Let o(f) = -f + 5. Let u be o(3). Let j be (3/(-9))/(u/12). Calculate m(j).
-13
Let s(p) = 3 + 4*p - 156 - 59 + p - 17*p. Calculate s(-17).
-8
Let c = -3222 - -3211. Let a(d) = -142*d - 1563. Calculate a(c).
-1
Let y = 515 - 597. Let d = 76 + y. Let o(j) = 2*j + 12. Give o(d).
0
Let s be (-195)/(-52) - (-2)/(-16)*-2. Let f(i) = 40*i**2 - 39*i**2 - 5*i - 1 + 0 - s. Give f(5).
-5
Suppose -3*p = i - 6, -3*i + p + 24 = 4*p. Let y(q) = 5*q - 63. Calculate y(i).
-18
Suppose 25*h + 36 = 61*h. Let l(d) = -7*d**3 + 2*d**2 - 6*d - 7. Let r = 20 + -14. Let t(a) = a**3 + a + 1. Let g(k) = r*t(k) + l(k). Give g(h).
0
Let j(w) = -7*w**3 + 2*w**2 - 1. Suppose 0 = -4*k + p + 24, -4*k + 0*k + 12 = 2*p. Let a = -493 + 498. Suppose 10*s - a = k*s. What is j(s)?
-6
Let z(p) be the third derivative of p**4/24 + p**3/3 - 2*p**2 - 95*p. Calculate z(0).
2
Let o(f) = -436*f - 5*f**2 - 448